{"id":13593,"date":"2014-12-25T11:19:40","date_gmt":"2014-12-25T11:19:40","guid":{"rendered":"https:\/\/europairschweiz.ch\/start\/"},"modified":"2025-11-28T17:55:57","modified_gmt":"2025-11-28T16:55:57","slug":"start","status":"publish","type":"page","link":"https:\/\/europairschweiz.ch\/fr\/","title":{"rendered":"Accueil"},"content":{"rendered":"<p>[vc_row][vc_column][vc_column_text]<\/p>\n<h2 style=\"text-align: center;\">Que pouvons-nous faire pour vous?<\/h2>\n<p style=\"text-align: center;\"><strong>Vous \u00eates planificateur, installateur ou propri\u00e9taire d&rsquo;une maison?<\/strong><\/p>\n<p style=\"text-align: center;\"><strong>Eh bien, vous avez frapp\u00e9 \u00e0 la bonne porte!<\/strong><\/p>\n<p style=\"text-align: center;\"><strong>Nous vous accompagnons tout au long du processus d&rsquo;\u00e9valuation et de conception et vous accompagnons personnellement tout au long de votre projet.<\/strong><\/p>\n<p>[\/vc_column_text]<div class=\"centered-box\"><a class=\"sc-button \"  href=\"\/quote-request\" target=\"_self\" style=\"background-color: #ff7070;\">Demander un devis<\/a><\/div><div class=\"clearboth\"><\/div><div class=\"sc-divider\" style=\"margin-bottom: 55px;\"><\/div>[\/vc_column][\/vc_row][vc_row][vc_column]<div class=\"fullwidth-block clearfix styled-marker-top\" style=\"background-color: #f1f5f8;background-image: url(https:\/\/europairschweiz.ch\/wp-content\/uploads\/layerslider\/Home-Alternative-2\/Slide-2-Back.jpg);background-repeat: no-repeat; background-size: cover;background-position: center top;padding-top: 110px;padding-bottom: 110px;padding-left: 25px;padding-right: 25px;\"><div class=\"container\">[vc_tta_tour style=\u00a0\u00bbmodern\u00a0\u00bb spacing=\u00a0\u00bb2&Prime; active_section=\u00a0\u00bb1&Prime;][vc_tta_section title=\u00a0\u00bbeuropair Suisse AG\u00a0\u00bb tab_id=\u00a0\u00bb1540629254147-29743bc5-e31f\u00a0\u00bb][vc_row_inner][vc_column_inner][vc_column_text]Avec un syst\u00e8me de ventilation de qualit\u00e9 garantissant un environnement confortable et sain pour votre maison, europair Schweiz SA vous soutient personnellement dans toutes les \u00e9tapes de vos projets.<\/p>\n<p>Forts de plus de <strong>30 ans d&rsquo;exp\u00e9rience<\/strong> sur ce march\u00e9, nous proposons des <strong>consultations orient\u00e9es vers des solutions et la r\u00e9alisation<\/strong> de syst\u00e8mes de ventilation de confort.<\/p>\n<p>En collaboration avec nos fournisseurs et partenaires, nous garantissons <strong>un accompagnement de qualit\u00e9 lors de la phase de planification, des d\u00e9lais livraison extr\u00eamement courts gr\u00e2ce \u00e0 l&rsquo;utilisation d&rsquo;une technologie de pointe<\/strong>, en \u00e9tant bien \u00e9videmment en accord avec<strong>\u00a0les directives ErP<\/strong>, ainsi qu&rsquo;<strong>une assistance \u00e9troite et personnalis\u00e9e lors de la mise en \u0153uvre.<\/strong>[\/vc_column_text][\/vc_column_inner][\/vc_row_inner][\/vc_tta_section][\/vc_tta_tour]<\/div><\/div><div class=\"clearboth\"><\/div><div class=\"sc-divider\" style=\"margin-bottom: 50px;\"><\/div>[\/vc_column][\/vc_row][vc_row][vc_column][vc_custom_heading text=\u00a0\u00bbNos Partenaires\u00a0\u00bb use_theme_fonts=\u00a0\u00bbyes\u00a0\u00bb][\/vc_column][\/vc_row][vc_row][vc_column width=\u00a0\u00bb1\/2&Prime;]<div class=\"centered-box sc-image-centered-box\"><div class=\"sc-image sc-wrapbox sc-wrapbox-style-7 rounded-corners shadow-box sc-wrapbox-position-centered\" style=\"width: 0px;height: 183px;\"><div class=\"sc-wrapbox-inner\"><img decoding=\"async\" class=\"sc-wrapbox-element img-responsive\" src=\"https:\/\/europairschweiz.ch\/wp-content\/uploads\/2019\/02\/logo-UTEK183n.png\" alt=\"\"\/><\/div><\/div><\/div>[\/vc_column][vc_column width=\u00a0\u00bb1\/2&Prime;]<div class=\"centered-box sc-image-centered-box\"><div class=\"sc-image sc-wrapbox sc-wrapbox-style-7 rounded-corners shadow-box sc-wrapbox-position-centered\" style=\"width: 0px;height: 183px;\"><div class=\"sc-wrapbox-inner\"><img decoding=\"async\" class=\"sc-wrapbox-element img-responsive\" src=\"https:\/\/europairschweiz.ch\/wp-content\/uploads\/2019\/11\/Screenshot-2019-11-23-at-23.41.10.png\" alt=\"\"\/><\/div><\/div><\/div>[\/vc_column][\/vc_row][vc_row][vc_column width=\u00a0\u00bb1\/2&Prime;]<div class=\"centered-box sc-image-centered-box\"><div class=\"sc-image sc-wrapbox sc-wrapbox-style-7 rounded-corners shadow-box sc-wrapbox-position-centered\" style=\"width: 0px;height: 183px;\"><div class=\"sc-wrapbox-inner\"><img decoding=\"async\" class=\"sc-wrapbox-element img-responsive\" src=\"https:\/\/europairschweiz.ch\/wp-content\/uploads\/2019\/02\/koolairn.png\" alt=\"\"\/><\/div><\/div><\/div>[\/vc_column][vc_column width=\u00a0\u00bb1\/2&Prime;]<div class=\"centered-box sc-image-centered-box\"><div class=\"sc-image sc-wrapbox sc-wrapbox-style-7 rounded-corners shadow-box sc-wrapbox-position-centered\" style=\"width: 0px;height: 183px;\"><div class=\"sc-wrapbox-inner\"><img decoding=\"async\" class=\"sc-wrapbox-element img-responsive\" src=\"https:\/\/europairschweiz.ch\/wp-content\/uploads\/2019\/04\/Screenshot-2019-04-01-at-17.12.31.png\" alt=\"\"\/><\/div><\/div><\/div>[\/vc_column][\/vc_row]<\/p>\n","protected":false},"excerpt":{"rendered":"<p>[vc_row][vc_column][vc_column_text] Que pouvons-nous faire pour vous? Vous \u00eates planificateur, installateur ou propri\u00e9taire d&rsquo;une maison? Eh bien, vous avez frapp\u00e9 \u00e0&#8230;<\/p>\n","protected":false},"author":2,"featured_media":0,"parent":0,"menu_order":0,"comment_status":"closed","ping_status":"closed","template":"","meta":{"_exactmetrics_skip_tracking":false,"_exactmetrics_sitenote_active":false,"_exactmetrics_sitenote_note":"","_exactmetrics_sitenote_category":0,"footnotes":""},"class_list":["post-13593","page","type-page","status-publish","hentry"],"yoast_head":"<!-- This site is optimized with the Yoast SEO plugin v27.4 - https:\/\/yoast.com\/product\/yoast-seo-wordpress\/ -->\n<title>Accueil - Europair Schweiz AG - Multisite<\/title>\n<meta name=\"robots\" content=\"index, follow, max-snippet:-1, max-image-preview:large, max-video-preview:-1\" \/>\n<link rel=\"canonical\" href=\"https:\/\/europairschweiz.ch\/fr\/\" \/>\n<meta property=\"og:locale\" content=\"fr_FR\" \/>\n<meta property=\"og:type\" content=\"article\" \/>\n<meta property=\"og:title\" content=\"Accueil - Europair Schweiz AG - Multisite\" \/>\n<meta property=\"og:description\" content=\"[vc_row][vc_column][vc_column_text] Que pouvons-nous faire pour vous? Vous \u00eates planificateur, installateur ou propri\u00e9taire d&rsquo;une maison? Eh bien, vous avez frapp\u00e9 \u00e0...\" \/>\n<meta property=\"og:url\" content=\"https:\/\/europairschweiz.ch\/fr\/\" \/>\n<meta property=\"og:site_name\" content=\"Europair Schweiz AG - Multisite\" \/>\n<meta property=\"article:modified_time\" content=\"2025-11-28T16:55:57+00:00\" \/>\n<meta name=\"twitter:card\" content=\"summary_large_image\" \/>\n<meta name=\"twitter:label1\" content=\"Dur\u00e9e de lecture estim\u00e9e\" \/>\n\t<meta name=\"twitter:data1\" content=\"3 minutes\" \/>\n<script type=\"application\/ld+json\" class=\"yoast-schema-graph\">{\"@context\":\"https:\\\/\\\/schema.org\",\"@graph\":[{\"@type\":\"WebPage\",\"@id\":\"https:\\\/\\\/europairschweiz.ch\\\/fr\\\/\",\"url\":\"https:\\\/\\\/europairschweiz.ch\\\/fr\\\/\",\"name\":\"Accueil - Europair Schweiz AG - Multisite\",\"isPartOf\":{\"@id\":\"https:\\\/\\\/europairschweiz.ch\\\/fr\\\/#website\"},\"datePublished\":\"2014-12-25T11:19:40+00:00\",\"dateModified\":\"2025-11-28T16:55:57+00:00\",\"breadcrumb\":{\"@id\":\"https:\\\/\\\/europairschweiz.ch\\\/fr\\\/#breadcrumb\"},\"inLanguage\":\"fr-FR\",\"potentialAction\":[{\"@type\":\"ReadAction\",\"target\":[\"https:\\\/\\\/europairschweiz.ch\\\/fr\\\/\"]}]},{\"@type\":\"BreadcrumbList\",\"@id\":\"https:\\\/\\\/europairschweiz.ch\\\/fr\\\/#breadcrumb\",\"itemListElement\":[{\"@type\":\"ListItem\",\"position\":1,\"name\":\"Startseite\",\"item\":\"https:\\\/\\\/europairschweiz.ch\\\/fr\\\/\"},{\"@type\":\"ListItem\",\"position\":2,\"name\":\"Accueil\"}]},{\"@type\":\"WebSite\",\"@id\":\"https:\\\/\\\/europairschweiz.ch\\\/fr\\\/#website\",\"url\":\"https:\\\/\\\/europairschweiz.ch\\\/fr\\\/\",\"name\":\"Europair Schweiz AG - Multisite\",\"description\":\"\",\"potentialAction\":[{\"@type\":\"SearchAction\",\"target\":{\"@type\":\"EntryPoint\",\"urlTemplate\":\"https:\\\/\\\/europairschweiz.ch\\\/fr\\\/?s={search_term_string}\"},\"query-input\":{\"@type\":\"PropertyValueSpecification\",\"valueRequired\":true,\"valueName\":\"search_term_string\"}}],\"inLanguage\":\"fr-FR\"}]}<\/script>\n<!-- \/ Yoast SEO plugin. -->","yoast_head_json":{"title":"Accueil - Europair Schweiz AG - Multisite","robots":{"index":"index","follow":"follow","max-snippet":"max-snippet:-1","max-image-preview":"max-image-preview:large","max-video-preview":"max-video-preview:-1"},"canonical":"https:\/\/europairschweiz.ch\/fr\/","og_locale":"fr_FR","og_type":"article","og_title":"Accueil - Europair Schweiz AG - Multisite","og_description":"[vc_row][vc_column][vc_column_text] Que pouvons-nous faire pour vous? Vous \u00eates planificateur, installateur ou propri\u00e9taire d&rsquo;une maison? Eh bien, vous avez frapp\u00e9 \u00e0...","og_url":"https:\/\/europairschweiz.ch\/fr\/","og_site_name":"Europair Schweiz AG - Multisite","article_modified_time":"2025-11-28T16:55:57+00:00","twitter_card":"summary_large_image","twitter_misc":{"Dur\u00e9e de lecture estim\u00e9e":"3 minutes"},"schema":{"@context":"https:\/\/schema.org","@graph":[{"@type":"WebPage","@id":"https:\/\/europairschweiz.ch\/fr\/","url":"https:\/\/europairschweiz.ch\/fr\/","name":"Accueil - Europair Schweiz AG - Multisite","isPartOf":{"@id":"https:\/\/europairschweiz.ch\/fr\/#website"},"datePublished":"2014-12-25T11:19:40+00:00","dateModified":"2025-11-28T16:55:57+00:00","breadcrumb":{"@id":"https:\/\/europairschweiz.ch\/fr\/#breadcrumb"},"inLanguage":"fr-FR","potentialAction":[{"@type":"ReadAction","target":["https:\/\/europairschweiz.ch\/fr\/"]}]},{"@type":"BreadcrumbList","@id":"https:\/\/europairschweiz.ch\/fr\/#breadcrumb","itemListElement":[{"@type":"ListItem","position":1,"name":"Startseite","item":"https:\/\/europairschweiz.ch\/fr\/"},{"@type":"ListItem","position":2,"name":"Accueil"}]},{"@type":"WebSite","@id":"https:\/\/europairschweiz.ch\/fr\/#website","url":"https:\/\/europairschweiz.ch\/fr\/","name":"Europair Schweiz AG - Multisite","description":"","potentialAction":[{"@type":"SearchAction","target":{"@type":"EntryPoint","urlTemplate":"https:\/\/europairschweiz.ch\/fr\/?s={search_term_string}"},"query-input":{"@type":"PropertyValueSpecification","valueRequired":true,"valueName":"search_term_string"}}],"inLanguage":"fr-FR"}]}},"_links":{"self":[{"href":"https:\/\/europairschweiz.ch\/fr\/wp-json\/wp\/v2\/pages\/13593","targetHints":{"allow":["GET"]}}],"collection":[{"href":"https:\/\/europairschweiz.ch\/fr\/wp-json\/wp\/v2\/pages"}],"about":[{"href":"https:\/\/europairschweiz.ch\/fr\/wp-json\/wp\/v2\/types\/page"}],"author":[{"embeddable":true,"href":"https:\/\/europairschweiz.ch\/fr\/wp-json\/wp\/v2\/users\/2"}],"replies":[{"embeddable":true,"href":"https:\/\/europairschweiz.ch\/fr\/wp-json\/wp\/v2\/comments?post=13593"}],"version-history":[{"count":2,"href":"https:\/\/europairschweiz.ch\/fr\/wp-json\/wp\/v2\/pages\/13593\/revisions"}],"predecessor-version":[{"id":17407,"href":"https:\/\/europairschweiz.ch\/fr\/wp-json\/wp\/v2\/pages\/13593\/revisions\/17407"}],"wp:attachment":[{"href":"https:\/\/europairschweiz.ch\/fr\/wp-json\/wp\/v2\/media?parent=13593"}],"curies":[{"name":"wp","href":"https:\/\/api.w.org\/{rel}","templated":true}]}}

<p>[vc_row][vc_column][vc_column_text]</p>
<h2 style="text-align: center;">Que pouvons-nous faire pour vous?</h2>
<p style="text-align: center;"><strong>Vous êtes planificateur, installateur ou propriétaire d&rsquo;une maison?</strong></p>
<p style="text-align: center;"><strong>Eh bien, vous avez frappé à la bonne porte!</strong></p>
<p style="text-align: center;"><strong>Nous vous accompagnons tout au long du processus d&rsquo;évaluation et de conception et vous accompagnons personnellement tout au long de votre projet.</strong></p>
<p>[/vc_column_text]<div class="centered-box"><a class="sc-button "  href="/quote-request" target="_self" style="background-color: #ff7070;">Demander un devis</a></div><div class="clearboth"></div><div class="sc-divider" style="margin-bottom: 55px;"></div>[/vc_column][/vc_row][vc_row][vc_column]<div class="fullwidth-block clearfix styled-marker-top" style="background-color: #f1f5f8;background-image: url(https://europairschweiz.ch/wp-content/uploads/layerslider/Home-Alternative-2/Slide-2-Back.jpg);background-repeat: no-repeat; background-size: cover;background-position: center top;padding-top: 110px;padding-bottom: 110px;padding-left: 25px;padding-right: 25px;"><div class="container">[vc_tta_tour style= »modern » spacing= »2&Prime; active_section= »1&Prime;][vc_tta_section title= »europair Suisse AG » tab_id= »1540629254147-29743bc5-e31f »][vc_row_inner][vc_column_inner][vc_column_text]Avec un système de ventilation de qualité garantissant un environnement confortable et sain pour votre maison, europair Schweiz SA vous soutient personnellement dans toutes les étapes de vos projets.</p>
<p>Forts de plus de <strong>30 ans d&rsquo;expérience</strong> sur ce marché, nous proposons des <strong>consultations orientées vers des solutions et la réalisation</strong> de systèmes de ventilation de confort.</p>
<p>En collaboration avec nos fournisseurs et partenaires, nous garantissons <strong>un accompagnement de qualité lors de la phase de planification, des délais livraison extrêmement courts grâce à l&rsquo;utilisation d&rsquo;une technologie de pointe</strong>, en étant bien évidemment en accord avec<strong> les directives ErP</strong>, ainsi qu&rsquo;<strong>une assistance étroite et personnalisée lors de la mise en œuvre.</strong>[/vc_column_text][/vc_column_inner][/vc_row_inner][/vc_tta_section][/vc_tta_tour]</div></div><div class="clearboth"></div><div class="sc-divider" style="margin-bottom: 50px;"></div>[/vc_column][/vc_row][vc_row][vc_column][vc_custom_heading text= »Nos Partenaires » use_theme_fonts= »yes »][/vc_column][/vc_row][vc_row][vc_column width= »1/2&Prime;]<div class="centered-box sc-image-centered-box"><div class="sc-image sc-wrapbox sc-wrapbox-style-7 rounded-corners shadow-box sc-wrapbox-position-centered" style="width: 0px;height: 183px;"><div class="sc-wrapbox-inner"><img decoding="async" class="sc-wrapbox-element img-responsive" src="https://europairschweiz.ch/wp-content/uploads/2019/02/logo-UTEK183n.png" alt=""/></div></div></div>[/vc_column][vc_column width= »1/2&Prime;]<div class="centered-box sc-image-centered-box"><div class="sc-image sc-wrapbox sc-wrapbox-style-7 rounded-corners shadow-box sc-wrapbox-position-centered" style="width: 0px;height: 183px;"><div class="sc-wrapbox-inner"><img decoding="async" class="sc-wrapbox-element img-responsive" src="https://europairschweiz.ch/wp-content/uploads/2019/11/Screenshot-2019-11-23-at-23.41.10.png" alt=""/></div></div></div>[/vc_column][/vc_row][vc_row][vc_column width= »1/2&Prime;]<div class="centered-box sc-image-centered-box"><div class="sc-image sc-wrapbox sc-wrapbox-style-7 rounded-corners shadow-box sc-wrapbox-position-centered" style="width: 0px;height: 183px;"><div class="sc-wrapbox-inner"><img decoding="async" class="sc-wrapbox-element img-responsive" src="https://europairschweiz.ch/wp-content/uploads/2019/02/koolairn.png" alt=""/></div></div></div>[/vc_column][vc_column width= »1/2&Prime;]<div class="centered-box sc-image-centered-box"><div class="sc-image sc-wrapbox sc-wrapbox-style-7 rounded-corners shadow-box sc-wrapbox-position-centered" style="width: 0px;height: 183px;"><div class="sc-wrapbox-inner"><img decoding="async" class="sc-wrapbox-element img-responsive" src="https://europairschweiz.ch/wp-content/uploads/2019/04/Screenshot-2019-04-01-at-17.12.31.png" alt=""/></div></div></div>[/vc_column][/vc_row]</p>

<p>[vc_row][vc_column][vc_column_text] Que pouvons-nous faire pour vous? Vous êtes planificateur, installateur ou propriétaire d&rsquo;une maison? Eh bien, vous avez frappé à&#8230;</p>

<!-- This site is optimized with the Yoast SEO plugin v27.4 - https://yoast.com/product/yoast-seo-wordpress/ -->
<title>Accueil - Europair Schweiz AG - Multisite</title>
<meta name="robots" content="index, follow, max-snippet:-1, max-image-preview:large, max-video-preview:-1" />
<link rel="canonical" href="https://europairschweiz.ch/fr/" />
<meta property="og:locale" content="fr_FR" />
<meta property="og:type" content="article" />
<meta property="og:title" content="Accueil - Europair Schweiz AG - Multisite" />
<meta property="og:description" content="[vc_row][vc_column][vc_column_text] Que pouvons-nous faire pour vous? Vous êtes planificateur, installateur ou propriétaire d&rsquo;une maison? Eh bien, vous avez frappé à..." />
<meta property="og:url" content="https://europairschweiz.ch/fr/" />
<meta property="og:site_name" content="Europair Schweiz AG - Multisite" />
<meta property="article:modified_time" content="2025-11-28T16:55:57+00:00" />
<meta name="twitter:card" content="summary_large_image" />
<meta name="twitter:label1" content="Durée de lecture estimée" />
	<meta name="twitter:data1" content="3 minutes" />
<script type="application/ld+json" class="yoast-schema-graph">{"@context":"https:\/\/schema.org","@graph":[{"@type":"WebPage","@id":"https:\/\/europairschweiz.ch\/fr\/","url":"https:\/\/europairschweiz.ch\/fr\/","name":"Accueil - Europair Schweiz AG - Multisite","isPartOf":{"@id":"https:\/\/europairschweiz.ch\/fr\/#website"},"datePublished":"2014-12-25T11:19:40+00:00","dateModified":"2025-11-28T16:55:57+00:00","breadcrumb":{"@id":"https:\/\/europairschweiz.ch\/fr\/#breadcrumb"},"inLanguage":"fr-FR","potentialAction":[{"@type":"ReadAction","target":["https:\/\/europairschweiz.ch\/fr\/"]}]},{"@type":"BreadcrumbList","@id":"https:\/\/europairschweiz.ch\/fr\/#breadcrumb","itemListElement":[{"@type":"ListItem","position":1,"name":"Startseite","item":"https:\/\/europairschweiz.ch\/fr\/"},{"@type":"ListItem","position":2,"name":"Accueil"}]},{"@type":"WebSite","@id":"https:\/\/europairschweiz.ch\/fr\/#website","url":"https:\/\/europairschweiz.ch\/fr\/","name":"Europair Schweiz AG - Multisite","description":"","potentialAction":[{"@type":"SearchAction","target":{"@type":"EntryPoint","urlTemplate":"https:\/\/europairschweiz.ch\/fr\/?s={search_term_string}"},"query-input":{"@type":"PropertyValueSpecification","valueRequired":true,"valueName":"search_term_string"}}],"inLanguage":"fr-FR"}]}</script>
<!-- / Yoast SEO plugin. -->

[vc_row][vc_column][vc_column_text] Que pouvons-nous faire pour vous? Vous êtes planificateur, installateur ou propriétaire d&rsquo;une maison? Eh bien, vous avez frappé à...
